38*f - 34. Determine u(-10).
586
Let w(p) = p**3 + 2*p**2 - 5*p - 33. Determine w(3).
-3
Let r(p) = -2*p**3 - 5*p - 10. Give r(0).
-10
Let q(m) = 10*m + 168. Determine q(-17).
-2
Let x(l) = 285*l + 64981. Calculate x(-228).
1
Let x(i) = -17*i + 360. Determine x(29).
-133
Let i(q) = q**3 - 10*q**2 - 6*q + 48. Determine i(10).
-12
Let w(p) = p**2 - 9*p - 282. What is w(22)?
4
Let d(v) = -v**3 - 32*v**2 - 19*v - 614. Give d(-32).
-6
Let m(h) = 5*h**2 + 7*h - 190. Give m(-7).
6
Let d(b) = -2*b**2 + 4*b + 29. What is d(8)?
-67
Let o(q) = 2*q**2 + 33*q - 38. Calculate o(-17).
-21
Let s(t) = 181*t - 454. Give s(2).
-92
Let p(t) = -33*t + 8. Determine p(4).
-124
Let q(w) = -1728*w**2 - 1706*w + 16. What is q(-1)?
-6
Let c(b) = 2*b**3 + 33*b**2 - 117*b - 2129. Determine c(-16).
-1
Let u(l) = l**3 + 18*l**2 + 68*l + 23. Calculate u(-13).
-16
Let x(j) = -33*j**2 - 7*j + 5. Determine x(2).
-141
Let a(c) = -4*c + 75. Determine a(44).
-101
Let u(p) = 13*p + 189. Give u(-13).
20
Let f(z) = -5*z - 43. Determine f(51).
-298
Let k(m) = 135*m + 571. Give k(-4).
31
Let r(q) = -172*q + 232. Determine r(1).
60
Let p(x) = 5550*x + 33302. Determine p(-6).
2
Let h(o) = -154*o + 73. Calculate h(0).
73
Let o(k) = -17*k**2 - 185*k - 289. Calculate o(-9).
-1
Let r(p) = -114*p + 246. Determine r(7).
-552
Let a(f) = -10243*f - 133158. Give a(-13).
1
Let p(d) = 2514*d + 37718. Calculate p(-15).
8
Let p(s) = s**3 + 7*s**2 - 24*s - 19. Determine p(-9).
35
Let t(c) = -c**3 + 5*c**2 + 16*c - 26. Determine t(7).
-12
Let u(v) = 2*v**3 + 93*v**2 + 44*v - 23. Give u(-46).
69
Let t(g) = 58*g**2 - 1912*g - 71. Calculate t(33).
-5
Let z(k) = 4*k**3 - 292*k**2 + 3*k - 258. Calculate z(73).
-39
Let a(j) = -1082*j - 47615. Determine a(-44).
-7
Let r(k) = k**3 + 11*k**2 + 32*k + 57. Give r(-7).
29
Let m(g) = 28*g**2 + 2*g + 19. Give m(-3).
265
Let w(c) = -15*c - 38. What is w(6)?
-128
Let b(p) = -p**3 + 10*p**2 - 8*p + 226. Give b(11).
17
Let k(n) = -533*n + 45840. Determine k(86).
2
Let u(m) = -524*m + 6819. Determine u(13).
7
Let m(z) = z**3 - 64*z**2 + 3*z - 259. Determine m(64).
-67
Let f(r) = -r**3 + 42*r**2 + 108*r - 875. Determine f(44).
5
Let r(x) = x**3 + 11*x**2 + 4*x - 43. Calculate r(-9).
83
Let f(b) = 9*b**2 - 115*b - 14. Determine f(13).
12
Let b(l) = l**2 + 14*l + 18. Determine b(-12).
-6
Let g(p) = p**2 + 11*p - 9. Calculate g(-13).
17
Let v(z) = -7*z**3 + 45*z**2 + 83*z + 42. Calculate v(8).
2
Let r(c) = -49*c**2 - 316*c + 143. Give r(-7).
-46
Let y(a) = -32*a - 562. What is y(-12)?
-178
Let s(i) = -i**3 + 38*i**2 + 217*i - 85. What is s(43)?
1
Let n(l) = 6*l**2 + 96*l + 44. Determine n(-15).
-46
Let s(l) = -9*l**2 + 385*l - 3276. Calculate s(31).
10
Let q(n) = -8*n**2 + 242*n - 70. Give q(30).
-10
Let s(m) = -m**2 + 97*m + 1087. Give s(-10).
17
Let u(g) = -2*g**2 + 124*g - 1528. Give u(17).
2
Let j(t) = -8*t**2 - 2*t + 125. Give j(0).
125
Let s(t) = -4*t**3 + 5*t**2 + 3*t - 13. Determine s(-4).
311
Let q(j) = 21*j - 150. Determine q(0).
-150
Let l(a) = -6*a**2 + 57*a + 85. What is l(11)?
-14
Let l(z) = z**3 - 11*z**2 - 61*z + 421. Calculate l(14).
155
Let r(f) = -10*f**2 + 67*f + 3. What is r(7)?
-18
Let s(w) = 271*w + 3242. Determine s(-12).
-10
Let w(g) = g**2 + 361*g - 2968. What is w(8)?
-16
Let k(t) = 27*t**2 - 1128*t - 250. Give k(42).
2
Let w(b) = 18*b + 112. Determine w(-3).
58
Let u(q) = -4*q**2 - 242*q + 1306. Give u(5).
-4
Let r(j) = 71*j - 859. Give r(8).
-291
Let t(s) = -923*s + 8309. Determine t(9).
2
Let a(p) = -p**3 + 3*p**2 + 84*p - 417. What is a(6)?
-21
Let o(a) = -4*a**3 - 8*a**2 + 27*a + 86. Give o(-3).
41
Let v(t) = 50*t**2 + 2782*t - 998. What is v(-56)?
10
Let j(c) = -13*c**3 + 67*c**2 + 68*c + 4. Calculate j(6).
16
Let b(a) = a**3 + 393*a**2 + 5305*a - 7. Calculate b(-14).
7
Let s(g) = g**2 - 475*g + 53651. What is s(185)?
1
Let j(m) = m**3 + m**2 - 13*m + 7. Determine j(5).
92
Let j(t) = 17*t - 678. Give j(42).
36
Let h(t) = t**3 + 68*t**2 + 320*t + 247. Calculate h(-63).
-68
Let t(x) = 32*x - 101. Calculate t(-4).
-229
Let v(h) = 2*h**3 + 107*h**2 - 165*h + 28. Give v(-55).
28
Let w(c) = c**3 + 17*c**2 - 64*c + 347. Calculate w(-21).
-73
Let p(o) = -o**3 + 44*o**2 - 5*o + 207. Determine p(44).
-13
Let w(m) = -346*m**2 - 11*m - 3. Give w(-1).
-338
Let j(t) = 398*t**3 - 2*t**2 + 11*t - 10. What is j(1)?
397
Let n(u) = 58*u - 874. Calculate n(14).
-62
Let d(s) = -s**3 - s**2 + 4*s + 10. Calculate d(-3).
16
Let j(t) = t**3 + 32*t**2 - 4*t - 115. What is j(-32)?
13
Let h(a) = 324*a + 607. Give h(-2).
-41
Let m(x) = 191*x + 19928. What is m(-104)?
64
Let l(f) = 4*f**2 - 63*f - 681. Calculate l(-9).
210
Let r(f) = -33*f**2 - f - 7. Give r(-3).
-301
Let w(s) = s**2 + 256*s + 11176. Calculate w(-56).
-24
Let q(v) = 10*v + 103. Determine q(-3).
73
Let q(s) = -s**3 + 156*s + 310. Determine q(-2).
6
Let b(k) = k**3 - 2*k**2 - 20*k - 1. Give b(6).
23
Let n(j) = -11*j**2 - 76*j - 9. Determine n(-8).
-105
Let c(n) = -n**3 - 8*n**2 - 77*n - 502. Give c(-7).
-12
Let c(o) = -o**3 - 28*o**2 - 123*o - 13. Give c(-22).
-211
Let p(s) = -s**2 + 7*s + 535. Give p(27).
-5
Let h(z) = -2*z**2 + 49*z - 26. What is h(24)?
-2
Let r(d) = 2*d**3 - 141*d**2 - 33*d - 2681. Calculate r(71).
17
Let q(d) = -402*d + 367. Determine q(1).
-35
Let f(q) = -499*q + 1434. Calculate f(3).
-63
Let j(q) = -6*q + 400. Give j(44).
136
Let c(m) = -69*m - 196. Give c(-3).
11
Let i(q) = q**2 - 118*q + 1986. Calculate i(20).
26
Let t(o) = o**3 + 12*o**2 - 86*o - 19. Determine t(-17).
-2
Let g(h) = -h**2 + 6*h + 29. Determine g(23).
-362
Let z(d) = 6*d**2 - 23*d - 92. Calculate z(-3).
31
Let q(g) = g**3 + 46*g**2 + 122*g - 301. What is q(-43)?
0
Let g(q) = -5*q**2 + 70*q + 251. What is g(-3)?
-4
Let m(z) = -7*z**3 - 4*z**2 - 2*z + 3. Calculate m(-3).
162
Let l(j) = 312*j**2 - 2501*j + 28. Determine l(8).
-12
Let f(r) = 5*r**2 - 67*r - 137. What is f(15)?
-17
Let b(g) = -g**3 + 11*g**2 - 2*g + 25. Determine b(10).
105
Let k(c) = 4*c**3 + 8*c**2 - 139*c - 282. Calculate k(-2).
-4
Let t(r) = 1099*r**3 + 11*r**2 + 10*r + 2. Give t(-1).
-1096
Let p(u) = 28*u + 399. Determine p(-8).
175
Let f(b) = -21*b - 135. Calculate f(-13).
138
Let r(l) = l**3 + 28*l**2 - 27*l + 80. Calculate r(-29).
22
Let z(d) = -3615*d - 3650. Give z(-1).
-35
Let l(z) = 59*z**3 + 108*z**2 + 5. Calculate l(-2).
-35
Let j(w) = 53*w + 946. What is j(-18)?
-8
Let u(x) = x**3 + 14*x**2 - 207*x - 4. Give u(-23).
-4
Let i(y) = 10*y - 36. Calculate i(0).
-36
Let o(l) = l**2 - 91*l + 543. What is o(84)?
-45
Let h(l) = -l**3 + 9*l**2 - 28*l + 95. Give h(8).
-65
Let x(s) = 26*s**2 - s - 4. Determine x(2).
98
Let u(l) = -20*l + 1943. What is u(98)?
-17
Let f(j) = -j**2 - 6*j + 50. Determine f(5).
-5
Let r(d) = d**3 + 6*d**2 + 63*d + 210. Give r(-4).
-10
Let w(p) = -p**3 + 38*p**2 - 87*p + 544. Determine w(36).
4
Let g(w) = -w**3 - 140*w**2 - 682*w - 1019. Determine g(-135).
-74
Let l(f) = -f**2 + 41*f + 1412. Give l(63).
26
Let h(q) = 1761*q - 12333. What is h(7)?
-6
Let x(u) = u**2 + 7*u - 14. Determine x(3).
16
Let o(x) = -71*x - 582. Calculate o(-5).
-227
Let u(q) = 14*q + 265. Calculate u(-16).
41
Let s(f) = f**2 + 206*f + 1870. Give s(-9).
97
Let t(b) = -5*b**2 + 248*b - 161. Calculate t(49).
-14
Let k(r) = 12*r - 189. Calculate k(31).
183
Let b(n) = -2*n**2 + 135*n - 1527. Determine b(47).
400
Let b(t) = -t**2 + 17*t - 44. Give b(15).
-14
Let o(x) = -x**3 + x**2 - 4*x + 28. Give o(3).
-2
Let m(u) = u**3 - 21*u**2 - 51*u + 109. Give m(23).
-6
Let u(g) = 2*g**3 - 13*g**2 + 82*g - 631. Calculate u(7).
-8
Let y(i) = -2*i**3 + 13*i**2 - 152*i + 1115. Determine y(7).
2
Let y(w) = -71*w - 292. Determine y(-9).
347
Let m(x) = -x**2 + 157*x - 136. What is m(0)?
-136
Let f(y) = 2*y**3 + 22*y**2 - 425*y - 103. Determine f(-21).
2
Let k(y) = 28*y + 329. Calculate k(-13).
-35
Let k(c) = c**3 - 39*c**2 - 270*c + 199. What is k(45)?
199
Let t(l) = -2*l**3 + 68*l**2 - 42*l - 103. Give t(33).
689
Let v(u) = -266*u - 1850. What is v(-7)?
12
Let c(g) = -142*g**2 + 5*g - 3. Determine c(1).
-140
Let w(l) = 2*l**2 - 85*l - 100. Give w(50).
650
Let o(h) = -2*h**3 - 104*h**2 + 107*h + 58. Give o(-53).
5
Let j(b) = -12*b - 96. What is j(-4)?
-48
Let n(w) = -w**3 + 31*w**2 - 49*w + 82. What is n(31)?
-1437
Let r(o) = -4*o**2 - 19*o + 3. Give r(-1).
18
Let w